{"id":412,"date":"2020-03-27T12:25:27","date_gmt":"2020-03-27T11:25:27","guid":{"rendered":"http:\/\/gdsa34.org\/?page_id=412"},"modified":"2020-04-07T19:03:53","modified_gmt":"2020-04-07T17:03:53","slug":"maitriser-la-varroose","status":"publish","type":"page","link":"https:\/\/gdsa34.org\/index.php\/maitriser-la-varroose\/","title":{"rendered":"Ma\u00eetriser la varroose"},"content":{"rendered":"<p>Vous pouvez visualiser et t\u00e9l\u00e9charger la liste des sp\u00e9cialit\u00e9s v\u00e9t\u00e9rinaires homologu\u00e9es et distribu\u00e9es par votre GDSA, ainsi que le calendrier des op\u00e9rations \u00e0 mettre en oeuvre sur vos colonies d&rsquo;abeilles.<\/p>\n<a href=\"https:\/\/gdsa34.org\/wp-content\/uploads\/2020\/03\/traitements-AMM.pdf\" class=\"pdfemb-viewer\" style=\"\" data-width=\"max\" data-height=\"max\" data-toolbar=\"bottom\" data-toolbar-fixed=\"off\">traitements-AMM<\/a>\n<a href=\"https:\/\/gdsa34.org\/wp-content\/uploads\/2020\/03\/calendrier-lutte-contre-varroa-V1-simplifi\u00e9.pdf\" class=\"pdfemb-viewer\" style=\"\" data-width=\"max\" data-height=\"max\" data-toolbar=\"bottom\" data-toolbar-fixed=\"off\">calendrier lutte contre varroa V1 simplifi\u00e9<\/a>\n<p>&nbsp;<\/p>\n<p>&nbsp;<\/p>\n","protected":false},"excerpt":{"rendered":"<p>Vous pouvez visualiser et t\u00e9l\u00e9charger la liste des sp\u00e9cialit\u00e9s v\u00e9t\u00e9rinaires homologu\u00e9es et distribu\u00e9es par votre GDSA, ainsi que le calendrier des op\u00e9rations \u00e0 mettre en oeuvre sur vos colonies d&rsquo;abeilles. &nbsp; &nbsp;<\/p>\n","protected":false},"author":5,"featured_media":0,"parent":0,"menu_order":0,"comment_status":"closed","ping_status":"closed","template":"","meta":{"footnotes":""},"class_list":["post-412","page","type-page","status-publish","hentry"],"_links":{"self":[{"href":"https:\/\/gdsa34.org\/index.php\/wp-json\/wp\/v2\/pages\/412","targetHints":{"allow":["GET"]}}],"collection":[{"href":"https:\/\/gdsa34.org\/index.php\/wp-json\/wp\/v2\/pages"}],"about":[{"href":"https:\/\/gdsa34.org\/index.php\/wp-json\/wp\/v2\/types\/page"}],"author":[{"embeddable":true,"href":"https:\/\/gdsa34.org\/index.php\/wp-json\/wp\/v2\/users\/5"}],"replies":[{"embeddable":true,"href":"https:\/\/gdsa34.org\/index.php\/wp-json\/wp\/v2\/comments?post=412"}],"version-history":[{"count":3,"href":"https:\/\/gdsa34.org\/index.php\/wp-json\/wp\/v2\/pages\/412\/revisions"}],"predecessor-version":[{"id":415,"href":"https:\/\/gdsa34.org\/index.php\/wp-json\/wp\/v2\/pages\/412\/revisions\/415"}],"wp:attachment":[{"href":"https:\/\/gdsa34.org\/index.php\/wp-json\/wp\/v2\/media?parent=412"}],"curies":[{"name":"wp","href":"https:\/\/api.w.org\/{rel}","templated":true}]}}